{"id":14,"date":"2022-02-05T14:43:18","date_gmt":"2022-02-05T14:43:18","guid":{"rendered":"https:\/\/gesangverein-ebersbach.de\/?page_id=14"},"modified":"2022-03-11T06:35:06","modified_gmt":"2022-03-11T06:35:06","slug":"ueber-uns","status":"publish","type":"page","link":"https:\/\/gesangverein-ebersbach.de\/index.php\/ueber-uns\/","title":{"rendered":"Der Verein"},"content":{"rendered":"\n<p class=\"has-medium-font-size\">Zur Zeit 36 Mitglieder im Alter von 19 bis 86 Jahre, davon 20 aktive S\u00e4nger. 1.Vorstand Andre Bennewitz, 2.Vorstand Siegfried Lau, Schriftf\u00fchrer Andreas Thomschke, Schatzmeister Christian Bauer, Liedermeister Ullrich Ziller, erweiterte Vorst\u00e4nde Ulrich Bennewitz &amp; Hans-Henning Ritter, sowie der Ehrenvorsitzende Dietmar Zinke.<\/p>\n\n\n\n<div class=\"wp-block-image\"><figure class=\"aligncenter size-large is-resized\"><a href=\"https:\/\/gesangverein-ebersbach.de\/wp-content\/uploads\/2022\/03\/vorstand.jpg\"><img decoding=\"async\" src=\"https:\/\/gesangverein-ebersbach.de\/wp-content\/uploads\/2022\/03\/vorstand-1024x576.jpg\" alt=\"\" class=\"wp-image-169\" width=\"600\" srcset=\"https:\/\/gesangverein-ebersbach.de\/wp-content\/uploads\/2022\/03\/vorstand-1024x576.jpg 1024w, https:\/\/gesangverein-ebersbach.de\/wp-content\/uploads\/2022\/03\/vorstand-300x169.jpg 300w, https:\/\/gesangverein-ebersbach.de\/wp-content\/uploads\/2022\/03\/vorstand-768x432.jpg 768w, https:\/\/gesangverein-ebersbach.de\/wp-content\/uploads\/2022\/03\/vorstand.jpg 1400w\" sizes=\"(max-width: 1024px) 100vw, 1024px\" \/><\/a><figcaption>h.l. Dietmar Zinke, Hans-Hennig Riter, Christian Bauer, Andres Thomschke<br>v.l. Ullrich Ziller, Ulrich Bennewitz, Andr\u00e9 Bennewitz, Siegfried Lau<\/figcaption><\/figure><\/div>\n\n\n\n<p class=\"has-medium-font-size\">An jeden Freitag 20 Uhr treffen wir uns in unseren Proberaum in Ebersbach in der Alten Schule, im Kirchwinkel 4.<\/p>\n\n\n\n<div class=\"wp-block-image\"><figure class=\"aligncenter size-large is-resized\"><a href=\"https:\/\/gesangverein-ebersbach.de\/wp-content\/uploads\/2022\/03\/vereinszimmer.jpg\"><img decoding=\"async\" src=\"https:\/\/gesangverein-ebersbach.de\/wp-content\/uploads\/2022\/03\/vereinszimmer-1024x768.jpg\" alt=\"\" class=\"wp-image-173\" width=\"600\" srcset=\"https:\/\/gesangverein-ebersbach.de\/wp-content\/uploads\/2022\/03\/vereinszimmer-1024x768.jpg 1024w, https:\/\/gesangverein-ebersbach.de\/wp-content\/uploads\/2022\/03\/vereinszimmer-300x225.jpg 300w, https:\/\/gesangverein-ebersbach.de\/wp-content\/uploads\/2022\/03\/vereinszimmer-768x576.jpg 768w, https:\/\/gesangverein-ebersbach.de\/wp-content\/uploads\/2022\/03\/vereinszimmer.jpg 1200w\" sizes=\"(max-width: 1024px) 100vw, 1024px\" \/><\/a><figcaption>Vereinszimmer<\/figcaption><\/figure><\/div>\n\n\n\n<p class=\"has-medium-font-size\">Wir treten zu Familienfeiern und Vereinsfesten auf. \u00d6ffentlich singen wir z.B. zu Pfingsten, oder zum Advent in der Kirche zu Oberebersbach. Unser Vereinsleben pflegen wir au\u00dferdem durch Ausfahrten und interne Feiern. <\/p>\n\n\n\n<div class=\"wp-block-image\"><figure class=\"aligncenter size-large is-resized\"><a href=\"https:\/\/gesangverein-ebersbach.de\/wp-content\/uploads\/2022\/03\/auftritt_verein.jpg\"><img decoding=\"async\" src=\"https:\/\/gesangverein-ebersbach.de\/wp-content\/uploads\/2022\/03\/auftritt_verein-1024x769.jpg\" alt=\"\" class=\"wp-image-176\" width=\"600\" srcset=\"https:\/\/gesangverein-ebersbach.de\/wp-content\/uploads\/2022\/03\/auftritt_verein-1024x769.jpg 1024w, https:\/\/gesangverein-ebersbach.de\/wp-content\/uploads\/2022\/03\/auftritt_verein-300x225.jpg 300w, https:\/\/gesangverein-ebersbach.de\/wp-content\/uploads\/2022\/03\/auftritt_verein-768x577.jpg 768w, https:\/\/gesangverein-ebersbach.de\/wp-content\/uploads\/2022\/03\/auftritt_verein.jpg 1200w\" sizes=\"(max-width: 1024px) 100vw, 1024px\" \/><\/a><figcaption>Auftritt bei Geburtstagsfeier<\/figcaption><\/figure><\/div>\n\n\n\n<p>Viele Konzerte gestalten wir gemeinsam mit dem Frauenchor und den Akkordeon-Freunden Ebersbach.<\/p>\n\n\n\n<div class=\"wp-block-image\"><figure class=\"aligncenter size-large is-resized\"><a href=\"https:\/\/gesangverein-ebersbach.de\/wp-content\/uploads\/2022\/03\/vereinsbild.jpg\"><img decoding=\"async\" src=\"https:\/\/gesangverein-ebersbach.de\/wp-content\/uploads\/2022\/03\/vereinsbild-1024x576.jpg\" alt=\"\" class=\"wp-image-253\" width=\"600\" srcset=\"https:\/\/gesangverein-ebersbach.de\/wp-content\/uploads\/2022\/03\/vereinsbild-1024x576.jpg 1024w, https:\/\/gesangverein-ebersbach.de\/wp-content\/uploads\/2022\/03\/vereinsbild-300x169.jpg 300w, https:\/\/gesangverein-ebersbach.de\/wp-content\/uploads\/2022\/03\/vereinsbild-768x432.jpg 768w, https:\/\/gesangverein-ebersbach.de\/wp-content\/uploads\/2022\/03\/vereinsbild.jpg 1200w\" sizes=\"(max-width: 1024px) 100vw, 1024px\" \/><\/a><figcaption>Vereinsbild 2021<\/figcaption><\/figure><\/div>\n\n\n\n<p><\/p>\n","protected":false},"excerpt":{"rendered":"<p>Zur Zeit 36 Mitglieder im Alter von 19 bis 86 Jahre, davon 20 aktive S\u00e4nger. 1.Vorstand Andre Bennewitz, 2.Vorstand Siegfried Lau, Schriftf\u00fchrer Andreas Thomschke, Schatzmeister Christian Bauer, Liedermeister Ullrich Ziller, erweiterte Vorst\u00e4nde Ulrich Bennewitz &amp; Hans-Henning Ritter, sowie der Ehrenvorsitzende Dietmar Zinke. An jeden Freitag 20 Uhr treffen wir uns in unseren Proberaum in Ebersbach <a class=\"read-more\" href=\"https:\/\/gesangverein-ebersbach.de\/index.php\/ueber-uns\/\">READ MORE<\/a><\/p>\n","protected":false},"author":1,"featured_media":0,"parent":0,"menu_order":0,"comment_status":"closed","ping_status":"closed","template":"","meta":{"_kadence_starter_templates_imported_post":false,"footnotes":""},"class_list":["post-14","page","type-page","status-publish","hentry"],"yoast_head":"<!-- This site is optimized with the Yoast SEO plugin v27.4 - https:\/\/yoast.com\/product\/yoast-seo-wordpress\/ -->\n<title>Der Verein - EBERSBACHER M\u00c4NNERGESANGVEREIN 1868 E.V.<\/title>\n<meta name=\"robots\" content=\"index, follow, max-snippet:-1, max-image-preview:large, max-video-preview:-1\" \/>\n<link rel=\"canonical\" href=\"https:\/\/gesangverein-ebersbach.de\/index.php\/ueber-uns\/\" \/>\n<meta property=\"og:locale\" content=\"de_DE\" \/>\n<meta property=\"og:type\" content=\"article\" \/>\n<meta property=\"og:title\" content=\"Der Verein - EBERSBACHER M\u00c4NNERGESANGVEREIN 1868 E.V.\" \/>\n<meta property=\"og:description\" content=\"Zur Zeit 36 Mitglieder im Alter von 19 bis 86 Jahre, davon 20 aktive S\u00e4nger. 1.Vorstand Andre Bennewitz, 2.Vorstand Siegfried Lau, Schriftf\u00fchrer Andreas Thomschke, Schatzmeister Christian Bauer, Liedermeister Ullrich Ziller, erweiterte Vorst\u00e4nde Ulrich Bennewitz &amp; Hans-Henning Ritter, sowie der Ehrenvorsitzende Dietmar Zinke. An jeden Freitag 20 Uhr treffen wir uns in unseren Proberaum in Ebersbach READ MORE\" \/>\n<meta property=\"og:url\" content=\"https:\/\/gesangverein-ebersbach.de\/index.php\/ueber-uns\/\" \/>\n<meta property=\"og:site_name\" content=\"EBERSBACHER M\u00c4NNERGESANGVEREIN 1868 E.V.\" \/>\n<meta property=\"article:modified_time\" content=\"2022-03-11T06:35:06+00:00\" \/>\n<meta property=\"og:image\" content=\"https:\/\/gesangverein-ebersbach.de\/wp-content\/uploads\/2022\/03\/vorstand-1024x576.jpg\" \/>\n<meta name=\"twitter:card\" content=\"summary_large_image\" \/>\n<meta name=\"twitter:label1\" content=\"Gesch\u00e4tzte Lesezeit\" \/>\n\t<meta name=\"twitter:data1\" content=\"2\u00a0Minuten\" \/>\n<script type=\"application\/ld+json\" class=\"yoast-schema-graph\">{\"@context\":\"https:\\\/\\\/schema.org\",\"@graph\":[{\"@type\":\"WebPage\",\"@id\":\"https:\\\/\\\/gesangverein-ebersbach.de\\\/index.php\\\/ueber-uns\\\/\",\"url\":\"https:\\\/\\\/gesangverein-ebersbach.de\\\/index.php\\\/ueber-uns\\\/\",\"name\":\"Der Verein - EBERSBACHER M\u00c4NNERGESANGVEREIN 1868 E.V.\",\"isPartOf\":{\"@id\":\"https:\\\/\\\/gesangverein-ebersbach.de\\\/#website\"},\"primaryImageOfPage\":{\"@id\":\"https:\\\/\\\/gesangverein-ebersbach.de\\\/index.php\\\/ueber-uns\\\/#primaryimage\"},\"image\":{\"@id\":\"https:\\\/\\\/gesangverein-ebersbach.de\\\/index.php\\\/ueber-uns\\\/#primaryimage\"},\"thumbnailUrl\":\"https:\\\/\\\/gesangverein-ebersbach.de\\\/wp-content\\\/uploads\\\/2022\\\/03\\\/vorstand-1024x576.jpg\",\"datePublished\":\"2022-02-05T14:43:18+00:00\",\"dateModified\":\"2022-03-11T06:35:06+00:00\",\"breadcrumb\":{\"@id\":\"https:\\\/\\\/gesangverein-ebersbach.de\\\/index.php\\\/ueber-uns\\\/#breadcrumb\"},\"inLanguage\":\"de\",\"potentialAction\":[{\"@type\":\"ReadAction\",\"target\":[\"https:\\\/\\\/gesangverein-ebersbach.de\\\/index.php\\\/ueber-uns\\\/\"]}]},{\"@type\":\"ImageObject\",\"inLanguage\":\"de\",\"@id\":\"https:\\\/\\\/gesangverein-ebersbach.de\\\/index.php\\\/ueber-uns\\\/#primaryimage\",\"url\":\"https:\\\/\\\/gesangverein-ebersbach.de\\\/wp-content\\\/uploads\\\/2022\\\/03\\\/vorstand.jpg\",\"contentUrl\":\"https:\\\/\\\/gesangverein-ebersbach.de\\\/wp-content\\\/uploads\\\/2022\\\/03\\\/vorstand.jpg\",\"width\":1400,\"height\":788},{\"@type\":\"BreadcrumbList\",\"@id\":\"https:\\\/\\\/gesangverein-ebersbach.de\\\/index.php\\\/ueber-uns\\\/#breadcrumb\",\"itemListElement\":[{\"@type\":\"ListItem\",\"position\":1,\"name\":\"Startseite\",\"item\":\"https:\\\/\\\/gesangverein-ebersbach.de\\\/\"},{\"@type\":\"ListItem\",\"position\":2,\"name\":\"Der Verein\"}]},{\"@type\":\"WebSite\",\"@id\":\"https:\\\/\\\/gesangverein-ebersbach.de\\\/#website\",\"url\":\"https:\\\/\\\/gesangverein-ebersbach.de\\\/\",\"name\":\"EBERSBACHER M\u00c4NNERGESANGVEREIN 1868 E.V.\",\"description\":\"Gesang, Geselligkeit, Tradition\",\"publisher\":{\"@id\":\"https:\\\/\\\/gesangverein-ebersbach.de\\\/#organization\"},\"potentialAction\":[{\"@type\":\"SearchAction\",\"target\":{\"@type\":\"EntryPoint\",\"urlTemplate\":\"https:\\\/\\\/gesangverein-ebersbach.de\\\/?s={search_term_string}\"},\"query-input\":{\"@type\":\"PropertyValueSpecification\",\"valueRequired\":true,\"valueName\":\"search_term_string\"}}],\"inLanguage\":\"de\"},{\"@type\":\"Organization\",\"@id\":\"https:\\\/\\\/gesangverein-ebersbach.de\\\/#organization\",\"name\":\"Ebersbacher M\u00e4nnergesangverein 1868 eV\",\"url\":\"https:\\\/\\\/gesangverein-ebersbach.de\\\/\",\"logo\":{\"@type\":\"ImageObject\",\"inLanguage\":\"de\",\"@id\":\"https:\\\/\\\/gesangverein-ebersbach.de\\\/#\\\/schema\\\/logo\\\/image\\\/\",\"url\":\"https:\\\/\\\/gesangverein-ebersbach.de\\\/wp-content\\\/uploads\\\/2022\\\/02\\\/fahne_xl.jpg\",\"contentUrl\":\"https:\\\/\\\/gesangverein-ebersbach.de\\\/wp-content\\\/uploads\\\/2022\\\/02\\\/fahne_xl.jpg\",\"width\":1400,\"height\":1050,\"caption\":\"Ebersbacher M\u00e4nnergesangverein 1868 eV\"},\"image\":{\"@id\":\"https:\\\/\\\/gesangverein-ebersbach.de\\\/#\\\/schema\\\/logo\\\/image\\\/\"}}]}<\/script>\n<!-- \/ Yoast SEO plugin. -->","yoast_head_json":{"title":"Der Verein - EBERSBACHER M\u00c4NNERGESANGVEREIN 1868 E.V.","robots":{"index":"index","follow":"follow","max-snippet":"max-snippet:-1","max-image-preview":"max-image-preview:large","max-video-preview":"max-video-preview:-1"},"canonical":"https:\/\/gesangverein-ebersbach.de\/index.php\/ueber-uns\/","og_locale":"de_DE","og_type":"article","og_title":"Der Verein - EBERSBACHER M\u00c4NNERGESANGVEREIN 1868 E.V.","og_description":"Zur Zeit 36 Mitglieder im Alter von 19 bis 86 Jahre, davon 20 aktive S\u00e4nger. 1.Vorstand Andre Bennewitz, 2.Vorstand Siegfried Lau, Schriftf\u00fchrer Andreas Thomschke, Schatzmeister Christian Bauer, Liedermeister Ullrich Ziller, erweiterte Vorst\u00e4nde Ulrich Bennewitz &amp; Hans-Henning Ritter, sowie der Ehrenvorsitzende Dietmar Zinke. An jeden Freitag 20 Uhr treffen wir uns in unseren Proberaum in Ebersbach READ MORE","og_url":"https:\/\/gesangverein-ebersbach.de\/index.php\/ueber-uns\/","og_site_name":"EBERSBACHER M\u00c4NNERGESANGVEREIN 1868 E.V.","article_modified_time":"2022-03-11T06:35:06+00:00","og_image":[{"url":"https:\/\/gesangverein-ebersbach.de\/wp-content\/uploads\/2022\/03\/vorstand-1024x576.jpg","type":"","width":"","height":""}],"twitter_card":"summary_large_image","twitter_misc":{"Gesch\u00e4tzte Lesezeit":"2\u00a0Minuten"},"schema":{"@context":"https:\/\/schema.org","@graph":[{"@type":"WebPage","@id":"https:\/\/gesangverein-ebersbach.de\/index.php\/ueber-uns\/","url":"https:\/\/gesangverein-ebersbach.de\/index.php\/ueber-uns\/","name":"Der Verein - EBERSBACHER M\u00c4NNERGESANGVEREIN 1868 E.V.","isPartOf":{"@id":"https:\/\/gesangverein-ebersbach.de\/#website"},"primaryImageOfPage":{"@id":"https:\/\/gesangverein-ebersbach.de\/index.php\/ueber-uns\/#primaryimage"},"image":{"@id":"https:\/\/gesangverein-ebersbach.de\/index.php\/ueber-uns\/#primaryimage"},"thumbnailUrl":"https:\/\/gesangverein-ebersbach.de\/wp-content\/uploads\/2022\/03\/vorstand-1024x576.jpg","datePublished":"2022-02-05T14:43:18+00:00","dateModified":"2022-03-11T06:35:06+00:00","breadcrumb":{"@id":"https:\/\/gesangverein-ebersbach.de\/index.php\/ueber-uns\/#breadcrumb"},"inLanguage":"de","potentialAction":[{"@type":"ReadAction","target":["https:\/\/gesangverein-ebersbach.de\/index.php\/ueber-uns\/"]}]},{"@type":"ImageObject","inLanguage":"de","@id":"https:\/\/gesangverein-ebersbach.de\/index.php\/ueber-uns\/#primaryimage","url":"https:\/\/gesangverein-ebersbach.de\/wp-content\/uploads\/2022\/03\/vorstand.jpg","contentUrl":"https:\/\/gesangverein-ebersbach.de\/wp-content\/uploads\/2022\/03\/vorstand.jpg","width":1400,"height":788},{"@type":"BreadcrumbList","@id":"https:\/\/gesangverein-ebersbach.de\/index.php\/ueber-uns\/#breadcrumb","itemListElement":[{"@type":"ListItem","position":1,"name":"Startseite","item":"https:\/\/gesangverein-ebersbach.de\/"},{"@type":"ListItem","position":2,"name":"Der Verein"}]},{"@type":"WebSite","@id":"https:\/\/gesangverein-ebersbach.de\/#website","url":"https:\/\/gesangverein-ebersbach.de\/","name":"EBERSBACHER M\u00c4NNERGESANGVEREIN 1868 E.V.","description":"Gesang, Geselligkeit, Tradition","publisher":{"@id":"https:\/\/gesangverein-ebersbach.de\/#organization"},"potentialAction":[{"@type":"SearchAction","target":{"@type":"EntryPoint","urlTemplate":"https:\/\/gesangverein-ebersbach.de\/?s={search_term_string}"},"query-input":{"@type":"PropertyValueSpecification","valueRequired":true,"valueName":"search_term_string"}}],"inLanguage":"de"},{"@type":"Organization","@id":"https:\/\/gesangverein-ebersbach.de\/#organization","name":"Ebersbacher M\u00e4nnergesangverein 1868 eV","url":"https:\/\/gesangverein-ebersbach.de\/","logo":{"@type":"ImageObject","inLanguage":"de","@id":"https:\/\/gesangverein-ebersbach.de\/#\/schema\/logo\/image\/","url":"https:\/\/gesangverein-ebersbach.de\/wp-content\/uploads\/2022\/02\/fahne_xl.jpg","contentUrl":"https:\/\/gesangverein-ebersbach.de\/wp-content\/uploads\/2022\/02\/fahne_xl.jpg","width":1400,"height":1050,"caption":"Ebersbacher M\u00e4nnergesangverein 1868 eV"},"image":{"@id":"https:\/\/gesangverein-ebersbach.de\/#\/schema\/logo\/image\/"}}]}},"_links":{"self":[{"href":"https:\/\/gesangverein-ebersbach.de\/index.php\/wp-json\/wp\/v2\/pages\/14","targetHints":{"allow":["GET"]}}],"collection":[{"href":"https:\/\/gesangverein-ebersbach.de\/index.php\/wp-json\/wp\/v2\/pages"}],"about":[{"href":"https:\/\/gesangverein-ebersbach.de\/index.php\/wp-json\/wp\/v2\/types\/page"}],"author":[{"embeddable":true,"href":"https:\/\/gesangverein-ebersbach.de\/index.php\/wp-json\/wp\/v2\/users\/1"}],"replies":[{"embeddable":true,"href":"https:\/\/gesangverein-ebersbach.de\/index.php\/wp-json\/wp\/v2\/comments?post=14"}],"version-history":[{"count":8,"href":"https:\/\/gesangverein-ebersbach.de\/index.php\/wp-json\/wp\/v2\/pages\/14\/revisions"}],"predecessor-version":[{"id":255,"href":"https:\/\/gesangverein-ebersbach.de\/index.php\/wp-json\/wp\/v2\/pages\/14\/revisions\/255"}],"wp:attachment":[{"href":"https:\/\/gesangverein-ebersbach.de\/index.php\/wp-json\/wp\/v2\/media?parent=14"}],"curies":[{"name":"wp","href":"https:\/\/api.w.org\/{rel}","templated":true}]}}