{"id":205,"date":"2022-03-10T08:42:07","date_gmt":"2022-03-10T08:42:07","guid":{"rendered":"https:\/\/gesangverein-ebersbach.de\/?page_id=205"},"modified":"2022-03-16T11:51:51","modified_gmt":"2022-03-16T11:51:51","slug":"herzlich-willkommen","status":"publish","type":"page","link":"https:\/\/gesangverein-ebersbach.de\/","title":{"rendered":"Herzlich Willkommen!"},"content":{"rendered":"\n<h2 class=\"wp-block-heading\">Herzlich Willkommen!<\/h2>\n\n\n\n<p class=\"has-medium-font-size\">Du bist auf der Webseite des M\u00e4nnergesangverein Ebersbach 1868 e.V. gelandet. Vielen Dank, dass Du bei uns vorbeischaust.<\/p>\n\n\n\n<p class=\"has-medium-font-size\">Hier erf\u00e4hrst Du alles \u00fcber den \u00e4ltesten durchg\u00e4ngig gelebten Verein der Gemeinde Ebersbach bei Gro\u00dfenhain. Gern kannst Du Kontakt zu uns aufnehmen. Du kannst uns gern buchen f\u00fcr einen Geburtstag, f\u00fcr ein Vereinsfest oder f\u00fcr einen Weihnachtsmarkt.<\/p>\n\n\n\n<p class=\"has-medium-font-size\">Oder &#8230; Du kannst uns unterst\u00fctzen. Wir suchen immer sangesfreudige Jungen, Herren und M\u00e4nner.<\/p>\n\n\n\n<div class=\"wp-block-image\"><figure class=\"aligncenter size-large is-resized\"><a href=\"https:\/\/gesangverein-ebersbach.de\/wp-content\/uploads\/2022\/03\/beimvereinsmitglied.jpg\"><img decoding=\"async\" src=\"https:\/\/gesangverein-ebersbach.de\/wp-content\/uploads\/2022\/03\/beimvereinsmitglied-1024x768.jpg\" alt=\"\" class=\"wp-image-179\" width=\"600\" srcset=\"https:\/\/gesangverein-ebersbach.de\/wp-content\/uploads\/2022\/03\/beimvereinsmitglied-1024x768.jpg 1024w, https:\/\/gesangverein-ebersbach.de\/wp-content\/uploads\/2022\/03\/beimvereinsmitglied-300x225.jpg 300w, https:\/\/gesangverein-ebersbach.de\/wp-content\/uploads\/2022\/03\/beimvereinsmitglied-768x576.jpg 768w, https:\/\/gesangverein-ebersbach.de\/wp-content\/uploads\/2022\/03\/beimvereinsmitglied.jpg 1200w\" sizes=\"(max-width: 1024px) 100vw, 1024px\" \/><\/a><\/figure><\/div>\n","protected":false},"excerpt":{"rendered":"<p>Herzlich Willkommen! Du bist auf der Webseite des M\u00e4nnergesangverein Ebersbach 1868 e.V. gelandet. Vielen Dank, dass Du bei uns vorbeischaust. Hier erf\u00e4hrst Du alles \u00fcber den \u00e4ltesten durchg\u00e4ngig gelebten Verein der Gemeinde Ebersbach bei Gro\u00dfenhain. Gern kannst Du Kontakt zu uns aufnehmen. Du kannst uns gern buchen f\u00fcr einen Geburtstag, f\u00fcr ein Vereinsfest oder f\u00fcr <a class=\"read-more\" href=\"https:\/\/gesangverein-ebersbach.de\/\">READ MORE<\/a><\/p>\n","protected":false},"author":1,"featured_media":0,"parent":0,"menu_order":0,"comment_status":"closed","ping_status":"closed","template":"","meta":{"_kadence_starter_templates_imported_post":false,"footnotes":""},"class_list":["post-205","page","type-page","status-publish","hentry"],"yoast_head":"<!-- This site is optimized with the Yoast SEO plugin v27.4 - https:\/\/yoast.com\/product\/yoast-seo-wordpress\/ -->\n<title>Herzlich Willkommen! - EBERSBACHER M\u00c4NNERGESANGVEREIN 1868 E.V.<\/title>\n<meta name=\"robots\" content=\"index, follow, max-snippet:-1, max-image-preview:large, max-video-preview:-1\" \/>\n<link rel=\"canonical\" href=\"https:\/\/gesangverein-ebersbach.de\/\" \/>\n<meta property=\"og:locale\" content=\"de_DE\" \/>\n<meta property=\"og:type\" content=\"article\" \/>\n<meta property=\"og:title\" content=\"Herzlich Willkommen! - EBERSBACHER M\u00c4NNERGESANGVEREIN 1868 E.V.\" \/>\n<meta property=\"og:description\" content=\"Herzlich Willkommen! Du bist auf der Webseite des M\u00e4nnergesangverein Ebersbach 1868 e.V. gelandet. Vielen Dank, dass Du bei uns vorbeischaust. Hier erf\u00e4hrst Du alles \u00fcber den \u00e4ltesten durchg\u00e4ngig gelebten Verein der Gemeinde Ebersbach bei Gro\u00dfenhain. Gern kannst Du Kontakt zu uns aufnehmen. Du kannst uns gern buchen f\u00fcr einen Geburtstag, f\u00fcr ein Vereinsfest oder f\u00fcr READ MORE\" \/>\n<meta property=\"og:url\" content=\"https:\/\/gesangverein-ebersbach.de\/\" \/>\n<meta property=\"og:site_name\" content=\"EBERSBACHER M\u00c4NNERGESANGVEREIN 1868 E.V.\" \/>\n<meta property=\"article:modified_time\" content=\"2022-03-16T11:51:51+00:00\" \/>\n<meta property=\"og:image\" content=\"https:\/\/gesangverein-ebersbach.de\/wp-content\/uploads\/2022\/03\/beimvereinsmitglied-1024x768.jpg\" \/>\n<meta name=\"twitter:card\" content=\"summary_large_image\" \/>\n<meta name=\"twitter:label1\" content=\"Gesch\u00e4tzte Lesezeit\" \/>\n\t<meta name=\"twitter:data1\" content=\"1\u00a0Minute\" \/>\n<script type=\"application\/ld+json\" class=\"yoast-schema-graph\">{\"@context\":\"https:\\\/\\\/schema.org\",\"@graph\":[{\"@type\":\"WebPage\",\"@id\":\"https:\\\/\\\/gesangverein-ebersbach.de\\\/\",\"url\":\"https:\\\/\\\/gesangverein-ebersbach.de\\\/\",\"name\":\"Herzlich Willkommen! - EBERSBACHER M\u00c4NNERGESANGVEREIN 1868 E.V.\",\"isPartOf\":{\"@id\":\"https:\\\/\\\/gesangverein-ebersbach.de\\\/#website\"},\"primaryImageOfPage\":{\"@id\":\"https:\\\/\\\/gesangverein-ebersbach.de\\\/#primaryimage\"},\"image\":{\"@id\":\"https:\\\/\\\/gesangverein-ebersbach.de\\\/#primaryimage\"},\"thumbnailUrl\":\"https:\\\/\\\/gesangverein-ebersbach.de\\\/wp-content\\\/uploads\\\/2022\\\/03\\\/beimvereinsmitglied-1024x768.jpg\",\"datePublished\":\"2022-03-10T08:42:07+00:00\",\"dateModified\":\"2022-03-16T11:51:51+00:00\",\"breadcrumb\":{\"@id\":\"https:\\\/\\\/gesangverein-ebersbach.de\\\/#breadcrumb\"},\"inLanguage\":\"de\",\"potentialAction\":[{\"@type\":\"ReadAction\",\"target\":[\"https:\\\/\\\/gesangverein-ebersbach.de\\\/\"]}]},{\"@type\":\"ImageObject\",\"inLanguage\":\"de\",\"@id\":\"https:\\\/\\\/gesangverein-ebersbach.de\\\/#primaryimage\",\"url\":\"https:\\\/\\\/gesangverein-ebersbach.de\\\/wp-content\\\/uploads\\\/2022\\\/03\\\/beimvereinsmitglied.jpg\",\"contentUrl\":\"https:\\\/\\\/gesangverein-ebersbach.de\\\/wp-content\\\/uploads\\\/2022\\\/03\\\/beimvereinsmitglied.jpg\",\"width\":1200,\"height\":900,\"caption\":\"Geburtstag Vereinsmitglied\"},{\"@type\":\"BreadcrumbList\",\"@id\":\"https:\\\/\\\/gesangverein-ebersbach.de\\\/#breadcrumb\",\"itemListElement\":[{\"@type\":\"ListItem\",\"position\":1,\"name\":\"Startseite\",\"item\":\"https:\\\/\\\/gesangverein-ebersbach.de\\\/\"},{\"@type\":\"ListItem\",\"position\":2,\"name\":\"Herzlich Willkommen!\"}]},{\"@type\":\"WebSite\",\"@id\":\"https:\\\/\\\/gesangverein-ebersbach.de\\\/#website\",\"url\":\"https:\\\/\\\/gesangverein-ebersbach.de\\\/\",\"name\":\"EBERSBACHER M\u00c4NNERGESANGVEREIN 1868 E.V.\",\"description\":\"Gesang, Geselligkeit, Tradition\",\"publisher\":{\"@id\":\"https:\\\/\\\/gesangverein-ebersbach.de\\\/#organization\"},\"potentialAction\":[{\"@type\":\"SearchAction\",\"target\":{\"@type\":\"EntryPoint\",\"urlTemplate\":\"https:\\\/\\\/gesangverein-ebersbach.de\\\/?s={search_term_string}\"},\"query-input\":{\"@type\":\"PropertyValueSpecification\",\"valueRequired\":true,\"valueName\":\"search_term_string\"}}],\"inLanguage\":\"de\"},{\"@type\":\"Organization\",\"@id\":\"https:\\\/\\\/gesangverein-ebersbach.de\\\/#organization\",\"name\":\"Ebersbacher M\u00e4nnergesangverein 1868 eV\",\"url\":\"https:\\\/\\\/gesangverein-ebersbach.de\\\/\",\"logo\":{\"@type\":\"ImageObject\",\"inLanguage\":\"de\",\"@id\":\"https:\\\/\\\/gesangverein-ebersbach.de\\\/#\\\/schema\\\/logo\\\/image\\\/\",\"url\":\"https:\\\/\\\/gesangverein-ebersbach.de\\\/wp-content\\\/uploads\\\/2022\\\/02\\\/fahne_xl.jpg\",\"contentUrl\":\"https:\\\/\\\/gesangverein-ebersbach.de\\\/wp-content\\\/uploads\\\/2022\\\/02\\\/fahne_xl.jpg\",\"width\":1400,\"height\":1050,\"caption\":\"Ebersbacher M\u00e4nnergesangverein 1868 eV\"},\"image\":{\"@id\":\"https:\\\/\\\/gesangverein-ebersbach.de\\\/#\\\/schema\\\/logo\\\/image\\\/\"}}]}<\/script>\n<!-- \/ Yoast SEO plugin. -->","yoast_head_json":{"title":"Herzlich Willkommen! - EBERSBACHER M\u00c4NNERGESANGVEREIN 1868 E.V.","robots":{"index":"index","follow":"follow","max-snippet":"max-snippet:-1","max-image-preview":"max-image-preview:large","max-video-preview":"max-video-preview:-1"},"canonical":"https:\/\/gesangverein-ebersbach.de\/","og_locale":"de_DE","og_type":"article","og_title":"Herzlich Willkommen! - EBERSBACHER M\u00c4NNERGESANGVEREIN 1868 E.V.","og_description":"Herzlich Willkommen! Du bist auf der Webseite des M\u00e4nnergesangverein Ebersbach 1868 e.V. gelandet. Vielen Dank, dass Du bei uns vorbeischaust. Hier erf\u00e4hrst Du alles \u00fcber den \u00e4ltesten durchg\u00e4ngig gelebten Verein der Gemeinde Ebersbach bei Gro\u00dfenhain. Gern kannst Du Kontakt zu uns aufnehmen. Du kannst uns gern buchen f\u00fcr einen Geburtstag, f\u00fcr ein Vereinsfest oder f\u00fcr READ MORE","og_url":"https:\/\/gesangverein-ebersbach.de\/","og_site_name":"EBERSBACHER M\u00c4NNERGESANGVEREIN 1868 E.V.","article_modified_time":"2022-03-16T11:51:51+00:00","og_image":[{"url":"https:\/\/gesangverein-ebersbach.de\/wp-content\/uploads\/2022\/03\/beimvereinsmitglied-1024x768.jpg","type":"","width":"","height":""}],"twitter_card":"summary_large_image","twitter_misc":{"Gesch\u00e4tzte Lesezeit":"1\u00a0Minute"},"schema":{"@context":"https:\/\/schema.org","@graph":[{"@type":"WebPage","@id":"https:\/\/gesangverein-ebersbach.de\/","url":"https:\/\/gesangverein-ebersbach.de\/","name":"Herzlich Willkommen! - EBERSBACHER M\u00c4NNERGESANGVEREIN 1868 E.V.","isPartOf":{"@id":"https:\/\/gesangverein-ebersbach.de\/#website"},"primaryImageOfPage":{"@id":"https:\/\/gesangverein-ebersbach.de\/#primaryimage"},"image":{"@id":"https:\/\/gesangverein-ebersbach.de\/#primaryimage"},"thumbnailUrl":"https:\/\/gesangverein-ebersbach.de\/wp-content\/uploads\/2022\/03\/beimvereinsmitglied-1024x768.jpg","datePublished":"2022-03-10T08:42:07+00:00","dateModified":"2022-03-16T11:51:51+00:00","breadcrumb":{"@id":"https:\/\/gesangverein-ebersbach.de\/#breadcrumb"},"inLanguage":"de","potentialAction":[{"@type":"ReadAction","target":["https:\/\/gesangverein-ebersbach.de\/"]}]},{"@type":"ImageObject","inLanguage":"de","@id":"https:\/\/gesangverein-ebersbach.de\/#primaryimage","url":"https:\/\/gesangverein-ebersbach.de\/wp-content\/uploads\/2022\/03\/beimvereinsmitglied.jpg","contentUrl":"https:\/\/gesangverein-ebersbach.de\/wp-content\/uploads\/2022\/03\/beimvereinsmitglied.jpg","width":1200,"height":900,"caption":"Geburtstag Vereinsmitglied"},{"@type":"BreadcrumbList","@id":"https:\/\/gesangverein-ebersbach.de\/#breadcrumb","itemListElement":[{"@type":"ListItem","position":1,"name":"Startseite","item":"https:\/\/gesangverein-ebersbach.de\/"},{"@type":"ListItem","position":2,"name":"Herzlich Willkommen!"}]},{"@type":"WebSite","@id":"https:\/\/gesangverein-ebersbach.de\/#website","url":"https:\/\/gesangverein-ebersbach.de\/","name":"EBERSBACHER M\u00c4NNERGESANGVEREIN 1868 E.V.","description":"Gesang, Geselligkeit, Tradition","publisher":{"@id":"https:\/\/gesangverein-ebersbach.de\/#organization"},"potentialAction":[{"@type":"SearchAction","target":{"@type":"EntryPoint","urlTemplate":"https:\/\/gesangverein-ebersbach.de\/?s={search_term_string}"},"query-input":{"@type":"PropertyValueSpecification","valueRequired":true,"valueName":"search_term_string"}}],"inLanguage":"de"},{"@type":"Organization","@id":"https:\/\/gesangverein-ebersbach.de\/#organization","name":"Ebersbacher M\u00e4nnergesangverein 1868 eV","url":"https:\/\/gesangverein-ebersbach.de\/","logo":{"@type":"ImageObject","inLanguage":"de","@id":"https:\/\/gesangverein-ebersbach.de\/#\/schema\/logo\/image\/","url":"https:\/\/gesangverein-ebersbach.de\/wp-content\/uploads\/2022\/02\/fahne_xl.jpg","contentUrl":"https:\/\/gesangverein-ebersbach.de\/wp-content\/uploads\/2022\/02\/fahne_xl.jpg","width":1400,"height":1050,"caption":"Ebersbacher M\u00e4nnergesangverein 1868 eV"},"image":{"@id":"https:\/\/gesangverein-ebersbach.de\/#\/schema\/logo\/image\/"}}]}},"_links":{"self":[{"href":"https:\/\/gesangverein-ebersbach.de\/index.php\/wp-json\/wp\/v2\/pages\/205","targetHints":{"allow":["GET"]}}],"collection":[{"href":"https:\/\/gesangverein-ebersbach.de\/index.php\/wp-json\/wp\/v2\/pages"}],"about":[{"href":"https:\/\/gesangverein-ebersbach.de\/index.php\/wp-json\/wp\/v2\/types\/page"}],"author":[{"embeddable":true,"href":"https:\/\/gesangverein-ebersbach.de\/index.php\/wp-json\/wp\/v2\/users\/1"}],"replies":[{"embeddable":true,"href":"https:\/\/gesangverein-ebersbach.de\/index.php\/wp-json\/wp\/v2\/comments?post=205"}],"version-history":[{"count":4,"href":"https:\/\/gesangverein-ebersbach.de\/index.php\/wp-json\/wp\/v2\/pages\/205\/revisions"}],"predecessor-version":[{"id":263,"href":"https:\/\/gesangverein-ebersbach.de\/index.php\/wp-json\/wp\/v2\/pages\/205\/revisions\/263"}],"wp:attachment":[{"href":"https:\/\/gesangverein-ebersbach.de\/index.php\/wp-json\/wp\/v2\/media?parent=205"}],"curies":[{"name":"wp","href":"https:\/\/api.w.org\/{rel}","templated":true}]}}